{"id":13,"date":"2026-04-23T13:49:01","date_gmt":"2026-04-23T10:49:01","guid":{"rendered":"https:\/\/apc.mynrgo.com\/?page_id=13"},"modified":"2026-04-23T17:33:27","modified_gmt":"2026-04-23T14:33:27","slug":"contact","status":"publish","type":"page","link":"https:\/\/apc.mynrgo.com\/?page_id=13","title":{"rendered":"Contact"},"content":{"rendered":"<h1>Contact<\/h1>\n<h1>Informa\u021bii Contact<\/h1>\n<ul>\n<li>\n<h3>Larisa Pavel<\/h3>\n<div><a class=\"uk-link-reset\" href=\"tel:+40743233152\">+40 743 233 152<\/a><\/div>\n<\/li>\n<li>\n<h3>Lacrima M\u0103rgineanu<\/h3>\n<div><a class=\"uk-link-reset\" href=\"tel:+40722468671\">+40722 468 671<\/a><\/div>\n<\/li>\n<li>\n<h3>Andre Sella<\/h3>\n<div><a class=\"uk-link-reset\" href=\"tel:+40722192222\">+40 722 192 222<\/a><\/div>\n<\/li>\n<li>\n<h3>Alina Decsei-Radu<\/h3>\n<div><a class=\"uk-link-reset\" href=\"tel:+40744827031\">+40 744 827 031<\/a><\/div>\n<\/li>\n<li>\n<h3>Email<\/h3>\n<div><a class=\"uk-link-reset\" href=\"mailto:\npsihologipentrucomunitate@yahoo.com\"><br \/>\npsihologipentrucomunitate@yahoo.com<\/a><\/div>\n<\/li>\n<\/ul>\n<div>IBAN Asocia\u021bie: RO65BTRLRONCRT0691847301<\/div>\n<h1>Formular de adeziune<\/h1>\n<div>Pentru a te al\u0103tura, descarc\u0103 formularul de adeziune, completeaz\u0103-l \u0219i trimite-l prin formularul de contact, \u00eempreun\u0103 cu datele tale.<\/div>\n<p><p>\n        <a href=\"\/wp-content\/uploads\/2026\/04\/Formular-Adeziune-Asociatie.docx\">Formularul de adeziune<\/a>\n    <\/p>\n<\/p>\n<p><!--more--><br \/>\n<!-- {\"type\":\"layout\",\"children\":[{\"type\":\"section\",\"props\":{\"animation\":\"fade\",\"class\":\"uk-text-center\",\"image\":\"wp-content\/uploads\/2026\/04\/hero-statut-01.jpg\",\"image_loading\":true,\"image_position\":\"center-center\",\"image_size\":\"cover\",\"image_width\":\"2560\",\"padding_bottom\":\"large\",\"padding_top\":\"large\",\"style\":\"default\",\"text_color\":\"light\",\"title_breakpoint\":\"xl\",\"title_position\":\"top-left\",\"title_rotation\":\"left\",\"vertical_align\":\"\",\"width\":\"\"},\"children\":[{\"type\":\"row\",\"children\":[{\"type\":\"column\",\"props\":{\"image_position\":\"center-center\",\"padding\":\"none\",\"position_sticky_breakpoint\":\"m\",\"width_medium\":\"1-1\"},\"children\":[{\"type\":\"headline\",\"props\":{\"class\":\"uk-display-inline-block\",\"content\":\"Contact\",\"image_align\":\"left\",\"image_margin\":\"xsmall\",\"text_align\":\"center\",\"title_decoration\":\"divider\",\"title_element\":\"h1\",\"title_style\":\"heading-small\",\"title_text_stroke\":true}},{\"type\":\"text\",\"props\":{\"column_breakpoint\":\"m\",\"content\":\"Suntem aici s\u0103 te ascult\u0103m \u0219i s\u0103 \u00ee\u021bi oferim sprijinul de care ai nevoie.\",\"margin_bottom\":\"default\",\"margin_top\":\"remove\",\"status\":\"disabled\"}}]}]}],\"name\":\"Hero\"},{\"name\":\"Contact\",\"type\":\"section\",\"props\":{\"animation\":\"fade\",\"image_position\":\"center-center\",\"image_size\":\"cover\",\"padding_bottom\":\"large\",\"padding_top\":\"large\",\"style\":\"default\",\"title_breakpoint\":\"xl\",\"title_position\":\"top-left\",\"title_rotation\":\"left\",\"vertical_align\":\"\",\"width\":\"default\"},\"children\":[{\"type\":\"row\",\"children\":[{\"type\":\"column\",\"props\":{\"image_position\":\"center-center\",\"position_sticky_breakpoint\":\"m\",\"width_medium\":\"2-5\"},\"children\":[{\"type\":\"headline\",\"props\":{\"content\":\"Informa\u021bii Contact\",\"image_align\":\"left\",\"image_margin\":\"xsmall\",\"maxwidth\":\"2xlarge\",\"text_align\":\"left\",\"title_element\":\"h1\",\"title_style\":\"h3\"}},{\"type\":\"divider\",\"props\":{\"divider_element\":\"div\",\"divider_style\":\"small\"}},{\"type\":\"description_list\",\"props\":{\"column_breakpoint\":\"m\",\"layout\":\"grid-2\",\"list_element\":\"ul\",\"list_style\":\"striped\",\"meta_align\":\"below-content\",\"meta_style\":\"\",\"show_content\":true,\"show_link\":true,\"show_meta\":true,\"show_title\":true,\"title_colon\":true,\"title_element\":\"div\",\"title_grid_column_gap\":\"small\",\"title_grid_row_gap\":\"small\",\"title_grid_width\":\"auto\"},\"children\":[{\"type\":\"description_list_item\",\"props\":{\"content\":\"<a class=\\\"uk-link-reset\\\" href=\\\"tel:+40743233152\\\">+40 743 233 152<\/a>\",\"meta\":\"\",\"title\":\"Larisa Pavel\"}},{\"type\":\"description_list_item\",\"props\":{\"content\":\"<a class=\\\"uk-link-reset\\\" href=\\\"tel:+40722468671\\\">+40722 468 671<\/a>\",\"title\":\"Lacrima M\u0103rgineanu\"}},{\"type\":\"description_list_item\",\"props\":{\"content\":\"<a class=\\\"uk-link-reset\\\" href=\\\"tel:+40722192222\\\">+40 722 192 222<\/a>\",\"title\":\"Andre Sella\"}},{\"type\":\"description_list_item\",\"props\":{\"content\":\"<a class=\\\"uk-link-reset\\\" href=\\\"tel:+40744827031\\\">+40 744 827 031<\/a>\",\"title\":\"Alina Decsei-Radu\"}},{\"type\":\"description_list_item\",\"props\":{\"content\":\"<a class=\\\"uk-link-reset\\\" href=\\\"mailto:\\npsihologipentrucomunitate@yahoo.com\\\">\\npsihologipentrucomunitate@yahoo.com<\/a>\",\"title\":\"Email\"}}]},{\"type\":\"text\",\"props\":{\"column_breakpoint\":\"m\",\"content\":\"IBAN Asocia\u021bie: RO65BTRLRONCRT0691847301\",\"margin_bottom\":\"medium\",\"margin_top\":\"medium\",\"maxwidth\":\"xlarge\",\"text_align\":\"left\"}}]},{\"type\":\"column\",\"props\":{\"image_position\":\"center-center\",\"position_sticky_breakpoint\":\"m\",\"width_medium\":\"3-5\"},\"children\":[{\"type\":\"headline\",\"props\":{\"content\":\"Formular de adeziune\",\"image_align\":\"left\",\"image_margin\":\"xsmall\",\"maxwidth\":\"2xlarge\",\"text_align\":\"left\",\"title_element\":\"h1\",\"title_style\":\"h3\"}},{\"type\":\"divider\",\"props\":{\"divider_element\":\"div\",\"divider_style\":\"small\"}},{\"type\":\"text\",\"props\":{\"column_breakpoint\":\"m\",\"content\":\"Pentru a te al\u0103tura, descarc\u0103 formularul de adeziune, completeaz\u0103-l \u0219i trimite-l prin formularul de contact, \u00eempreun\u0103 cu datele tale.\",\"margin_bottom\":\"default\",\"margin_top\":\"default\"}},{\"type\":\"button\",\"props\":{\"grid_column_gap\":\"small\",\"grid_row_gap\":\"small\",\"margin_bottom\":\"default\",\"margin_top\":\"default\"},\"children\":[{\"type\":\"button_item\",\"props\":{\"button_style\":\"default\",\"content\":\"Formularul de adeziune\",\"dialog_layout\":\"modal\",\"dialog_offcanvas_flip\":true,\"icon\":\"file-text\",\"icon_align\":\"left\",\"link\":\"wp-content\/uploads\/2026\/04\/Formular-Adeziune-Asociatie.docx\",\"link_download\":true,\"link_target\":true}}]}]}],\"props\":{\"layout\":\"2-5,3-5\"}},{\"type\":\"row\",\"props\":{\"column_gap\":\"large\",\"layout\":\"1-3,1-3,1-3\",\"margin_bottom\":\"xlarge\",\"margin_top\":\"xlarge\",\"row_gap\":\"large\",\"status\":\"disabled\",\"width\":\"default\"},\"children\":[{\"type\":\"column\",\"props\":{\"image_position\":\"center-center\",\"position_sticky_breakpoint\":\"m\",\"width_medium\":\"1-3\"},\"children\":[{\"type\":\"headline\",\"props\":{\"content\":\"Asocia\u021bia Psihologilor Pentru Comunitate\",\"image_align\":\"left\",\"image_margin\":\"xsmall\",\"margin_bottom\":\"remove\",\"margin_top\":\"medium\",\"title_decoration\":\"divider\",\"title_element\":\"h2\",\"title_style\":\"h5\"}},{\"type\":\"text\",\"props\":{\"column_breakpoint\":\"m\",\"content\":\"Str. Nicolae Jiga nr. 34, ap 13,<br \/>Oradea, Bihor - Rom\u00e2nia\",\"margin_bottom\":\"default\",\"margin_top\":\"default\",\"text_align\":\"left\"}}]},{\"type\":\"column\",\"props\":{\"image_position\":\"center-center\",\"position_sticky_breakpoint\":\"m\",\"width_medium\":\"1-3\"},\"children\":[{\"type\":\"headline\",\"props\":{\"content\":\"Opening Hours\",\"image_align\":\"left\",\"image_margin\":\"xsmall\",\"margin_bottom\":\"remove\",\"margin_top\":\"medium\",\"title_decoration\":\"divider\",\"title_element\":\"h2\",\"title_style\":\"h4\"}},{\"type\":\"description_list\",\"props\":{\"column_breakpoint\":\"m\",\"layout\":\"grid-2\",\"list_element\":\"ul\",\"meta_align\":\"below-content\",\"meta_style\":\"text-meta\",\"show_content\":true,\"show_link\":true,\"show_meta\":true,\"show_title\":true,\"title_element\":\"div\",\"title_grid_column_gap\":\"small\",\"title_grid_row_gap\":\"small\",\"title_grid_width\":\"small\"},\"children\":[{\"type\":\"description_list_item\",\"props\":{\"content\":\"11 am - 11.30 pm\",\"title\":\"Tue - Sat\"}},{\"type\":\"description_list_item\",\"props\":{\"content\":\"Closed\",\"title\":\"Sun\/Mon\"}}]},{\"type\":\"description_list\",\"props\":{\"column_breakpoint\":\"m\",\"layout\":\"grid-2\",\"list_element\":\"ul\",\"meta_align\":\"below-content\",\"meta_style\":\"text-meta\",\"show_content\":true,\"show_link\":true,\"show_meta\":true,\"show_title\":true,\"title_element\":\"div\",\"title_grid_column_gap\":\"small\",\"title_grid_row_gap\":\"small\",\"title_grid_width\":\"small\"},\"children\":[{\"type\":\"description_list_item\",\"props\":{\"content\":\"11.30 am - 2 pm\",\"title\":\"Lunch\"}}]}]},{\"type\":\"column\",\"props\":{\"image_position\":\"center-center\",\"position_sticky_breakpoint\":\"m\",\"width_medium\":\"1-3\"},\"children\":[{\"type\":\"headline\",\"props\":{\"content\":\"Call for Reservations\",\"image_align\":\"left\",\"image_margin\":\"xsmall\",\"title_decoration\":\"divider\",\"title_element\":\"h2\",\"title_style\":\"h4\"}},{\"type\":\"text\",\"props\":{\"column_breakpoint\":\"m\",\"content\":\"<a class=\\\"uk-link-reset\\\" href=\\\"tel:+44(0)5555555555\\\">+44 (0)555 555 5555<\/a><br \/>\\nBookings from 6pm - 9.30pm\",\"margin_bottom\":\"remove\",\"margin_top\":\"remove\"}}]}]}]},{\"name\":\"Map\",\"type\":\"section\",\"props\":{\"image_position\":\"center-center\",\"padding_bottom\":\"none\",\"padding_top\":\"none\",\"status\":\"disabled\",\"style\":\"default\",\"title_breakpoint\":\"xl\",\"title_position\":\"top-left\",\"title_rotation\":\"left\",\"vertical_align\":\"\",\"width\":\"\"},\"children\":[{\"type\":\"row\",\"children\":[{\"type\":\"column\",\"props\":{\"image_position\":\"center-center\",\"position_sticky_breakpoint\":\"m\",\"width_medium\":\"1-1\"},\"children\":[{\"type\":\"map\",\"props\":{\"controls\":false,\"dragging\":false,\"height\":\"600\",\"image_svg_color\":\"emphasis\",\"link_style\":\"default\",\"link_text\":\"Read more\",\"margin_bottom\":\"default\",\"margin_top\":\"default\",\"max_zoom\":18,\"meta_align\":\"below-title\",\"meta_element\":\"div\",\"meta_style\":\"text-meta\",\"min_zoom\":0,\"poi\":false,\"show_content\":true,\"show_image\":true,\"show_link\":true,\"show_meta\":true,\"show_title\":true,\"styler_gamma\":\"0.3\",\"styler_lightness\":\"90\",\"styler_saturation\":\"-100\",\"title_element\":\"h3\",\"title_hover_style\":\"reset\",\"type\":\"roadmap\",\"zoom\":\"16\",\"zooming\":false},\"children\":[{\"type\":\"map_item\",\"props\":{\"content\":\"\n\n<p>123 Main Street, Anytown<br \/> \\nEngland, United Kingdom<\/p>\n\n\\n\n\n<p><a href=\\\"mailto:table@example.com\\\">table@example.com<\/a><br \/>\\n<a class=\\\"uk-link-reset\\\" href=\\\"tel:+44(0)5555555555\\\">+44 (0)555 555 5555<\/a><\/p>\n\n\",\"location\":\"50.7169,-1.8710\",\"title\":\"Copper Hill\"}}]}]}]}]}],\"version\":\"5.0.29\"} --><\/p>\n","protected":false},"excerpt":{"rendered":"<p>Contact Informa\u021bii Contact Larisa Pavel +40 743 233 152 Lacrima M\u0103rgineanu +40722 468 671 Andre Sella +40 722 192 222 Alina Decsei-Radu +40 744 827 031 Email psihologipentrucomunitate@yahoo.com IBAN Asocia\u021bie: RO65BTRLRONCRT0691847301 Formular de adeziune Pentru a te al\u0103tura, descarc\u0103 formularul de adeziune, completeaz\u0103-l \u0219i trimite-l prin formularul de contact, \u00eempreun\u0103 cu datele tale. Formularul de [&hellip;]<\/p>\n","protected":false},"author":1,"featured_media":0,"parent":0,"menu_order":0,"comment_status":"closed","ping_status":"closed","template":"","meta":{"footnotes":""},"class_list":["post-13","page","type-page","status-publish","hentry"],"_links":{"self":[{"href":"https:\/\/apc.mynrgo.com\/index.php?rest_route=\/wp\/v2\/pages\/13","targetHints":{"allow":["GET"]}}],"collection":[{"href":"https:\/\/apc.mynrgo.com\/index.php?rest_route=\/wp\/v2\/pages"}],"about":[{"href":"https:\/\/apc.mynrgo.com\/index.php?rest_route=\/wp\/v2\/types\/page"}],"author":[{"embeddable":true,"href":"https:\/\/apc.mynrgo.com\/index.php?rest_route=\/wp\/v2\/users\/1"}],"replies":[{"embeddable":true,"href":"https:\/\/apc.mynrgo.com\/index.php?rest_route=%2Fwp%2Fv2%2Fcomments&post=13"}],"version-history":[{"count":16,"href":"https:\/\/apc.mynrgo.com\/index.php?rest_route=\/wp\/v2\/pages\/13\/revisions"}],"predecessor-version":[{"id":79,"href":"https:\/\/apc.mynrgo.com\/index.php?rest_route=\/wp\/v2\/pages\/13\/revisions\/79"}],"wp:attachment":[{"href":"https:\/\/apc.mynrgo.com\/index.php?rest_route=%2Fwp%2Fv2%2Fmedia&parent=13"}],"curies":[{"name":"wp","href":"https:\/\/api.w.org\/{rel}","templated":true}]}}